*3 + 5*f**2 - 2*f - 5. Let i be z(3). Suppose 1206 = -i*c + 4300. List the prime factors of c.
2, 13, 17
Suppose -10*x - 2222 = -8*x. Let j = -786 - x. List the prime factors of j.
5, 13
Suppose s - 10 = -s. Suppose 5*d = -i + 20, -2*d + 0 = -2*i - 20. Suppose 5*y - 3*z - 2*z = 740, -d = -s*z. List the prime factors of y.
149
Suppose -2*t = -261*i + 262*i - 37006, -t + 2*i = -18508. List the prime factors of t.
2, 3, 257
Let d = 71 - 23. Let m be (26/3)/1*d. Let c = m - 243. List the prime factors of c.
173
Suppose 3*z + 4*h - 25 = 0, -4*z + h = -0*z - 27. Suppose -14037 = z*d - 72. List the prime factors of d/(-38) - (-3)/(-2).
3, 17
Let p(s) = s**2 - 21*s + 68. Let y be p(25). What are the prime factors of (1136/64)/(3/y)?
2, 7, 71
What are the prime factors of ((196/(-8))/7)/(12/(-2736))?
2, 3, 7, 19
Suppose -3*i + 12 = 3*h, 0 = -2*h + 6*h + 5*i - 13. Let q be -5*h/(140/(-64)). Let o(l) = 3*l + 17. What are the prime factors of o(q)?
5, 13
Suppose -142524 = 133*v - 289*v + 138*v. List the prime factors of v.
2, 37, 107
Let r be 7*40/392*7. Suppose 5*l + r*h - 6329 = 721, 0 = -5*l - h + 7070. What are the prime factors of l?
5, 283
Let i(z) = -2*z**3 + 15*z**2 - 7*z + 3. Let a be i(7). Suppose 200 = a*c - 1888. List the prime factors of c.
2, 3, 29
Suppose -d + 0 + 145 = 0. Let c = 51 - -36. Let g = d - c. What are the prime factors of g?
2, 29
Suppose -4758*a - 2978170 = -4820*a. What are the prime factors of a?
5, 13, 739
Suppose -2*s = s - 21. Suppose s*i + 393 = 1. What are the prime factors of (-12)/15*(i - -1)?
2, 11
Let q(i) be the third derivative of 5*i**4/24 - 26*i**2. Let x be q(1). Suppose 4*h = -4*c - h + 321, 0 = -c - x*h + 99. What are the prime factors of c?
2, 37
Let h = 11 + -7. Let p(i) = -3*i**3 - 10*i**2 + 12*i - 10. Let b(m) = m**3 + m**2 + m + 1. Let c(d) = h*b(d) + p(d). What are the prime factors of c(6)?
2, 3, 5
Suppose -6*a + 8539 = -521. Suppose l - 5*o - 743 = -3*o, -2*l - 2*o = -a. List the prime factors of l.
751
Suppose 278*f = 394*f - 530236. List the prime factors of f.
7, 653
Let u = 838 + -904. Suppose 4 = 2*y + 6. List the prime factors of y - u - 6/(-2).
2, 17
Suppose 18*x + 36442 = 15160 + 243204. What are the prime factors of x?
12329
Let f(h) = -239*h + 216. What are the prime factors of f(-46)?
2, 5, 19, 59
Let r(d) be the first derivative of -99*d**2 - 261*d + 230. What are the prime factors of r(-6)?
3, 103
Let j(r) = -r**2 - 18*r + 70. Let k be j(-16). Suppose -k = -2*s + 86. List the prime factors of s.
2, 47
Let j be (252/144)/(1/(-8)). Let k(u) = -u**3 - u**2 - u + 3. Let o be k(-3). List the prime factors of j*o/28*-1.
2, 3
Let g be 2/(7/49*(-14)/(-4)). What are the prime factors of 20592/56 - g/(-14) - -2?
2, 5, 37
What are the prime factors of 5/(-1) + 2*32382/14?
4621
Suppose -5*x + 37462 - 11478 = 2*x. List the prime factors of x.
2, 29
Let p be 14/4 - -3*2/(-12). Suppose -2 = 2*i - p*b, -i - 7 = -0*i - 3*b. Suppose 2*y = i*y - 222. What are the prime factors of y?
2, 37
Suppose -i - 490 = -3*i - 2*d, -3*i - 4*d + 733 = 0. Suppose i = -4*l + 3527. What are the prime factors of l?
2, 5, 41
Suppose 5*m + 5*m - 208737 = 7*m. List the prime factors of m.
3, 859
Let n be 28/42 - 6124/(-12). Suppose l + 2*q = n, 4*l = 5*l + 4*q - 511. List the prime factors of l.
7, 73
Let n be ((-15)/(-4) - 5/(-20))*1. Let w = -2 - 0. What are the prime factors of (-304 + (n - 8))/w?
2, 7, 11
Let p = 35 - 37. Let u be 74 - p*(-9)/6. Suppose u = -5*i + 361. List the prime factors of i.
2, 29
Let m = 1484 + -377. Suppose -128 = -19*k + m. List the prime factors of k.
5, 13
Let q(p) = -2*p**2 + 3*p + 483. Let h(f) = f**2 + 11*f - 12. Let b be h(-12). What are the prime factors of q(b)?
3, 7, 23
What are the prime factors of 570950/275 + -2 + (-20)/(-11)?
2, 3, 173
Suppose -23*s + 20*s = -4*x - 1774, 583 = s - 3*x. List the prime factors of s.
2, 13, 23
Let f = 869 + -2481. Let j = 2440 + f. List the prime factors of j.
2, 3, 23
List the prime factors of -8 + 2 + 23835/5 - 3.
2, 3, 13, 61
Suppose -5*s + 4 = -3*g, 3*g + 4 = 3*s + 2*g. Suppose -2*c + s*w - 38 = 2*c, -28 = 4*c - 4*w. What are the prime factors of -1 - ((-1)/(-4) - (-1551)/c)?
2
Let s = 1887 + -1198. Suppose o - s = 10*n - 9*n, -3 = n. What are the prime factors of o?
2, 7
Let v(j) = j**3 - 15*j**2 - 18*j - 10. Let r be v(16). Let q = r - -46. Suppose 0 = 13*h - q*h - 45. List the prime factors of h.
5
Let w = -365 - 10. Let h = w + 776. What are the prime factors of h?
401
Suppose 1113654 = 44*z - 329414. What are the prime factors of z?
32797
Let g = 67596 - 31819. What are the prime factors of g?
7, 19, 269
Let o be (-60)/16*760/(-15) - 3. Let s = 386 - o. List the prime factors of s.
199
Suppose 0 = -36*m + 2367 + 175245 + 163452. What are the prime factors of m?
2, 3, 1579
Let x be -1*((-320 - -6) + 7). Suppose 5*a - x = 2*a - z, -5*z = -5. List the prime factors of a.
2, 3, 17
Let k(i) = 7*i**2 + 8*i + 19. Let n be k(-8). Let y = -345 + n. List the prime factors of y.
2, 29
Suppose -2*v - 13 = -3*m, -5*m + 5*v = 7*v - 11. Suppose -448 = -m*i - 76. List the prime factors of i.
2, 31
Let n = 11 - 8. Suppose -985 = 4*m + n*v, -3*m + 2*v - 108 - 618 = 0. Let t = m - -375. List the prime factors of t.
131
Suppose 920 + 1332 = 11*p + 591. List the prime factors of p.
151
Suppose 0 = 2*a + 2*n - 1390, 0 = 4*a - 3*n - 354 - 2391. Suppose -37*c = -35*c - 3*l - a, l + 1370 = 4*c. What are the prime factors of c?
2, 3, 19
Suppose 2*u + 18 = 62. What are the prime factors of (11*u)/((-3)/36*-8)?
3, 11
Let h = -6602 - -16929. What are the prime factors of h?
23, 449
Let g(z) be the third derivative of z**5/60 - 5*z**4/24 + 11*z**3/3 + 65*z**2. What are the prime factors of g(-9)?
2, 37
Let u = -90 - -89. What are the prime factors of u/5 - 8960/(-175)?
3, 17
Let l(c) = c**2 - 15*c - 8. Let v be l(7). Let b(g) = -g**2 + 44. Let z be b(-13). Let k = v - z. List the prime factors of k.
61
Suppose 5*x + 0*x - 585 = 5*k, 3*x + 375 = -3*k. Let n = -72 - k. Suppose -4*w + 5*s + 308 + n = 0, -2*w = -2*s - 180. What are the prime factors of w?
3, 31
Suppose -k - 4*k + 3*m + 1059 = 0, 2*m = -k + 217. Suppose 1143 + k = 4*l. What are the prime factors of l?
3, 113
Let y be (-2)/(60/35)*-366. What are the prime factors of y + 1*(-2 - 0)?
5, 17
Suppose -10*s = 28 + 12. Let d = s - -4. Let n(a) = -a**3 + 2*a**2 - 2*a + 13. What are the prime factors of n(d)?
13
Let y be 3*6*39/(-6 + 9). Let x = 243 - y. List the prime factors of x.
3
Let g(i) = 59*i - 21*i - 190 + 86*i + 84*i - 40*i. List the prime factors of g(7).
2, 17, 29
Suppose 5008 = -41*j + 334. List the prime factors of (604/(-6) + 1)/(19/j).
2, 13, 23
Let c = 35 + -34. Suppose 4*q = 4*t - 8, 3*t - 2*t = 2*q - c. Suppose -t*j = -3*b - 102, 2*j + 5*b - 22 + 6 = 0. What are the prime factors of j?
2, 3
Suppose 3*r + 6*p - 7*p = 15, 0 = 3*p + 9. Suppose 751 = r*u + 51. What are the prime factors of u?
5, 7
Suppose -5*o - 2192 = -x, -4*x + 4453 = -2*o - 4351. Suppose -75*b = -81*b + x. List the prime factors of b.
367
Let r(m) = -120*m + 16. Let b be r(-5). Let w = -233 + b. What are the prime factors of w?
383
Let h(n) = 3*n**3 + 283*n**2 - 579*n - 28. List the prime factors of h(-96).
2, 23, 103
Let d(a) = 50*a + 152. Let y be d(-3). Suppose -2*w = -l - 1541, y*w + 3*l - 774 = w. What are the prime factors of w?
3, 257
List the prime factors of (-1 + 17)/(-17 - (151575/(-4593) - -16)).
2, 1531
Suppose 7*a - 368968 = -105*a + 165272. List the prime factors of a.
2, 3, 5, 53
Let r = 0 + 0. Let s(f) = 70 + r*f**2 - 8*f**2 + 6*f**2 + 3*f**2. List the prime factors of s(0).
2, 5, 7
Let g be 0 - 9*(-220)/3. List the prime factors of (g/40)/((-6)/(-328)).
2, 11, 41
List the prime factors of (-2300)/((-3)/12*(424/360 - 1)).
2, 3, 5, 23
Suppose 0 = 23*y - 900 - 917. Let h = -13 - -54. Suppose -6*q + h + y = 0. What are the prime factors of q?
2, 5
Suppose -30*m = -26*m - 20. Let y = 827 - 473. Suppose m*k = 3*z + y, z = 3*k - 90 - 124. What are the prime factors of k?
2, 3
Let g = 108 + -102. Let n be 140/30*g/4. Suppose 0 = n*b - 233 - 614. What are the prime factors of b?
11
Suppose -3*r - 15 = -5*k + 6, 9 = 3*r. Suppose k*c = 7316 - 2522. What are the prime factors of c?
17, 47
Let v = -6809 - -3809. List the prime fa